{"id":32,"date":"2020-08-20T08:26:06","date_gmt":"2020-08-20T08:26:06","guid":{"rendered":"http:\/\/sags-mit-worten.de\/?page_id=32"},"modified":"2022-04-07T11:54:45","modified_gmt":"2022-04-07T11:54:45","slug":"zu-anderen-anlaessen","status":"publish","type":"page","link":"https:\/\/www.sags-mit-worten.de\/?page_id=32","title":{"rendered":"zu anderen Anl\u00e4ssen"},"content":{"rendered":"\n<blockquote class=\"wp-block-quote is-layout-flow wp-block-quote-is-layout-flow\"><p>Etwas nicht zu k\u00f6nnen ist kein Grund, es nicht zu lernen.<\/p><cite>Stefan Dufter<\/cite><\/blockquote>\n\n\n\n<p class=\"has-medium-font-size\"><\/p>\n\n\n\n<blockquote class=\"wp-block-quote is-layout-flow wp-block-quote-is-layout-flow\"><p>Die wirklich wertvollen Geschenke m\u00fcssen nicht teuer <br>und nicht in Glanzpapier verpackt sein.<\/p><cite>Stefan Dufter<\/cite><\/blockquote>\n\n\n\n<blockquote class=\"wp-block-quote is-layout-flow wp-block-quote-is-layout-flow\"><p>Sch\u00f6n, dass es Dich gibt!<\/p><\/blockquote>\n\n\n\n<blockquote class=\"wp-block-quote is-layout-flow wp-block-quote-is-layout-flow\"><p>Danke, dass Du da bist!<\/p><\/blockquote>\n\n\n\n<p><\/p>\n","protected":false},"excerpt":{"rendered":"<p>Etwas nicht zu k\u00f6nnen ist kein Grund, es nicht zu lernen. Stefan Dufter Die wirklich wertvollen Geschenke m\u00fcssen nicht teuer und nicht in Glanzpapier verpackt sein. Stefan Dufter Sch\u00f6n, dass es Dich gibt! Danke, dass Du da bist!<\/p>\n","protected":false},"author":1,"featured_media":0,"parent":0,"menu_order":0,"comment_status":"closed","ping_status":"closed","template":"","meta":{"footnotes":""},"class_list":["post-32","page","type-page","status-publish","hentry"],"_links":{"self":[{"href":"https:\/\/www.sags-mit-worten.de\/index.php?rest_route=\/wp\/v2\/pages\/32","targetHints":{"allow":["GET"]}}],"collection":[{"href":"https:\/\/www.sags-mit-worten.de\/index.php?rest_route=\/wp\/v2\/pages"}],"about":[{"href":"https:\/\/www.sags-mit-worten.de\/index.php?rest_route=\/wp\/v2\/types\/page"}],"author":[{"embeddable":true,"href":"https:\/\/www.sags-mit-worten.de\/index.php?rest_route=\/wp\/v2\/users\/1"}],"replies":[{"embeddable":true,"href":"https:\/\/www.sags-mit-worten.de\/index.php?rest_route=%2Fwp%2Fv2%2Fcomments&post=32"}],"version-history":[{"count":8,"href":"https:\/\/www.sags-mit-worten.de\/index.php?rest_route=\/wp\/v2\/pages\/32\/revisions"}],"predecessor-version":[{"id":107,"href":"https:\/\/www.sags-mit-worten.de\/index.php?rest_route=\/wp\/v2\/pages\/32\/revisions\/107"}],"wp:attachment":[{"href":"https:\/\/www.sags-mit-worten.de\/index.php?rest_route=%2Fwp%2Fv2%2Fmedia&parent=32"}],"curies":[{"name":"wp","href":"https:\/\/api.w.org\/{rel}","templated":true}]}}